 what is 1 + 182c4?
182c5
In base 4, what is 10 - 10020120?
-10020110
In base 12, what is 166a2 + 0?
166a2
In base 14, what is -1 + 169628?
169627
In base 13, what is -99 - 121?
-1ba
In base 12, what is 3 - -2a0b59?
2a0b60
In base 5, what is 231 - 210210?
-204424
In base 11, what is -2 - 2a956?
-2a958
In base 6, what is 11355 - 11144?
211
In base 15, what is 2531 - 17?
2519
In base 2, what is 101011010111 - 111100?
101010011011
In base 16, what is 1 + 2372?
2373
In base 5, what is 2004023 - 104?
2003414
In base 10, what is 55 + -12717?
-12662
In base 13, what is -a + 63?
56
In base 12, what is -32 - b561?
-b593
In base 11, what is -83a - 5?
-844
In base 6, what is -5335 + 21?
-5314
In base 4, what is 100001 - -3?
100010
In base 13, what is -6 + -cca9?
-ccb2
In base 3, what is 100212 + -101011?
-22
In base 3, what is 1020 + -22221002?
-22212212
In base 13, what is -9208 + -5?
-9210
In base 4, what is -12221212333 - -3?
-12221212330
In base 8, what is 116 - 217153?
-217035
In base 10, what is -135 + 39?
-96
In base 9, what is -8755 + 15?
-8740
In base 12, what is 6 + 15923?
15929
In base 2, what is 1111110110100011 + 10?
1111110110100101
In base 14, what is -d6 - -114?
1c
In base 16, what is -57a - c1b?
-1195
In base 12, what is a60727 - 4?
a60723
In base 2, what is 11 + 1101101100100?
1101101100111
In base 13, what is 8 - 1458?
-1450
In base 8, what is -2 - 2343762?
-2343764
In base 3, what is -212200001 - -12?
-212122212
In base 3, what is 10212 + 102001202?
102012121
In base 5, what is -120200 + 1432?
-113213
In base 10, what is 21 - -1133?
1154
In base 11, what is -5337 - 25?
-5361
In base 8, what is 53 - -604?
657
In base 15, what is 6 - -b94?
b9a
In base 8, what is 6 + 113400?
113406
In base 16, what is -d8 - 375b?
-3833
In base 9, what is 437010 - 0?
437010
In base 5, what is 3 - -4442211?
4442214
In base 13, what is 65 + 227a?
2312
In base 2, what is 1110110101101001 - 10?
1110110101100111
In base 2, what is -1110000 - -101110111?
100000111
In base 8, what is 401 + 56?
457
In base 13, what is -7 + 938?
931
In base 6, what is -1535 - 1023?
-3002
In base 6, what is 121343 - -3?
121350
In base 13, what is c87 + 4c2?
1479
In base 13, what is 1331 - -56?
1387
In base 15, what is d87b1 - -5?
d87b6
In base 5, what is 102 - -13003?
13110
In base 8, what is 1323 - 257?
1044
In base 7, what is -165 + 523?
325
In base 6, what is -1304 + 24230?
22522
In base 12, what is -16 - 13a55?
-13a6b
In base 4, what is 12020 - 1112?
10302
In base 9, what is 4 + 61761?
61765
In base 2, what is 101001011 + 1000101111?
1101111010
In base 4, what is -10 - 220223133?
-220223203
In base 5, what is 4132443 - -3?
4133001
In base 6, what is -423540 + -5?
-423545
In base 6, what is 1040131241 + -5?
1040131232
In base 6, what is 3122 - -13450?
21012
In base 12, what is 1335a2 + 2?
1335a4
In base 3, what is -212 - -122021111?
122020122
In base 7, what is 563226 + -13?
563213
In base 5, what is -13041 - 2214?
-20310
In base 2, what is -1101111 + -11000110?
-100110101
In base 9, what is 1 - 38736?
-38735
In base 6, what is -4 + -10102133?
-10102141
In base 3, what is 1 + 1112211122020?
1112211122021
In base 13, what is 24a2 - -209?
26ab
In base 2, what is -110110 + 110001101100?
110000110110
In base 9, what is 5 - -116832?
116837
In base 14, what is 4d + bdc?
c4b
In base 7, what is -26 + -3625?
-3654
In base 5, what is 23203320 + -3?
23203312
In base 11, what is 790 + 311?
aa1
In base 2, what is 101 + 111110111110110101?
111110111110111010
In base 13, what is 14b - -1b?
169
In base 8, what is 1 + 751353?
751354
In base 2, what is 1 + 100001111111?
100010000000
In base 6, what is -2 + -40115434?
-40115440
In base 14, what is 8 + -442?
-438
In base 2, what is 1001100010110010 - 11?
1001100010101111
In base 14, what is -8 + -60883?
-6088b
In base 16, what is 249 + 26?
26f
In base 16, what is -7666e + 5?
-76669
In base 10, what is 2 - 490647?
-490645
In base 8, what is -247461 + -1?
-247462
In base 2, what is 0 + 1010011110001?
1010011110001
In base 12, what is 448a4 - 4?
448a0
In base 10, what is -1020 + -26?
-1046
In base 8, what is 110665 - -31?
110716
In base 7, what is 12 + 146631?
146643
In base 16, what is 5c8d4 - -3?
5c8d7
In base 9, what is -527 - -42?
-475
In base 12, what is b66 - 2?
b64
In base 8, what is 117353 - 11?
117342
In base 4, what is 130113 - 10201?
113312
In base 13, what is 954a + -4?
9546
In base 7, what is -1003 + 10?
-663
In base 14, what is -4d8b2 + 0?
-4d8b2
In base 7, what is -115 - -153?
35
In base 3, what is -1102101 - 211001?
-2020102
In base 11, what is -209 + 101?
-108
In base 4, what is 13 - 1221203?
-1221130
In base 15, what is -1cb + 9a3?
7c7
In base 13, what is ba41a + 3?
ba420
In base 16, what is 95c - -1ae?
b0a
In base 6, what is 420 - -12114?
12534
In base 14, what is 4 - -b7a2?
b7a6
In base 15, what is 0 + 10e93?
10e93
In base 15, what is 80d1 - 1?
80d0
In base 5, what is 32102140 - -10?
32102200
In base 6, what is 15304503 - -2?
15304505
In base 16, what is -15 - 159dd?
-159f2
In base 6, what is 43142 + -32?
43110
In base 5, what is -4 - 120403410?
-120403414
In base 9, what is -34620 - 1?
-34621
In base 2, what is -110100111111100011 + -11?
-110100111111100110
In base 3, what is 12220 - -2111?
22101
In base 3, what is 1 + 22001120?
22001121
In base 11, what is -544 + -241?
-785
In base 14, what is 2452 - 2?
2450
In base 14, what is -336 + 16?
-320
In base 15, what is -5 + 5e30?
5e2a
In base 9, what is 2783 + -207?
2575
In base 12, what is 395396 + 5?
39539b
In base 4, what is 2113200 + 23?
2113223
In base 5, what is -11220 + 1113?
-10102
In base 11, what is 72 + 21a29?
21aa0
In base 3, what is -122 + 1222102?
1221210
In base 14, what is -5718 + 0?
-5718
In base 9, what is 0 - 302824?
-302824
In base 16, what is -2e + 2bb?
28d
In base 4, what is -1111 - 10123201?
-10130312
In base 4, what is -3 - -1221122213?
1221122210
In base 7, what is -4 - -134332?
134325
In base 4, what is 22 + -3312?
-3230
In base 16, what is -1a3 - -c4d?
aaa
In base 12, what is -a3 + -1a9?
-290
In base 9, what is 71 + 4266?
4347
In base 14, what is 1a5 - b6d?
-9a8
In base 4, what is 3 - 110332122?
-110332113
In base 5, what is -210 + -430444?
-431204
In base 12, what is -39 + 69b7?
697a
In base 6, what is -10 - 33535?
-33545
In base 4, what is 3 - 33300032?
-33300023
In base 7, what is 2534 + 25?
2562
In base 15, what is 0 - -1b402?
1b402
In base 14, what is a7 - -12a3?
136a
In base 3, what is 1102020101 - -2?
1102020110
In base 12, what is -a63b1 - -2?
-a63ab
In base 15, what is d - -14ab?
14b9
In base 15, what is 0 + -b30d?
-b30d
In base 7, what is 4 + 14446?
14453
In base 15, what is -25 - 389e?
-38c4
In base 10, what is 1 - -22669?
22670
In base 10, what is -1423 - -1?
-1422
In base 13, what is -1bb + 241c?
2231
In base 5, what is -34200 - 11?
-34211
In base 4, what is 30 - 213120?
-213030
In base 14, what is -225a0 + a?
-22594
In base 11, what is 3 - 58a96?
-58a93
In base 16, what is -425 - 475?
-89a
In base 8, what is 3 - -240626?
240631
In base 15, what is 0 + 16e32?
16e32
In base 12, what is -2a11 + -150?
-2b61
In base 4, what is 3 + -2323011?
-2323002
In base 4, what is 10 + 2013022331?
2013023001
In base 14, what is 3 - 560a0?
-5609b
In base 2, what is 10 - -100100110011110111?
100100110011111001
In base 11, what is 5 - -5284?
5289
In base 10, what is -381 + -128?
-509
In base 16, what is -60b8b6 - 1?
-60b8b7
In base 11, what is -14147 - 1?
-14148
In base 15, what is b - -4461?
446c
In base 15, what is -1e7 - 50?
-247
In base 16, what is 53 + -b66?
-b13
In base 12, what is -1560 + 0?
-1560
In base 3, what is -221 + 11021220211?
11021212220
In base 12, what is 413 + 10?
423
In base 3, what is 11 - 2101021?
-2101010
In base 16, what is -1 + -16ae4?
-16ae5
In base 16, what is -b2182 - 3?
-b2185
In base 14, what is -1 - -a66cb?
a66ca
In base 4, what is 3 - -1220230?
1220233
In base 16, what is -2 + -f7?
-f9
In base 16, what is -7 + bd56?
bd4f
In base 14, what is 668 + -14b?
51b
In base 12, what is -4 - -2a34?
2a30
In base 13, what is 1b319 + -3?
1b316
In base 15, what is 3458d - 5?
34588
In base 16, what is -1a8 + 8?
-1a0
In base 2, what is 10100010 + -10110000101?
-10011100011
In base 4, what is -1 - -1301321?
1301320
In base 9, what is -556 + 1002?